culate the remainder when 165 is divided by m.
5
Suppose -2*u + 29 = -5*l, u = -6*l + l + 22. Let o = u - 9. Let z = 14 - 11. Calculate the remainder when o is divided by z.
2
Let h(v) = 19*v - 4. Let j(u) = -10*u + 2. Let x = -1 + 3. Let m(a) = x*h(a) + 5*j(a). What is the remainder when 27 is divided by m(-1)?
13
Let s = -27 - -42. Suppose 3*c = -3 + s. What is the remainder when 1*16 - (11 - 13)*-1 is divided by c?
2
Let t(i) = 3*i**3 - i - 1. Suppose -5*o = 2*c - 4, 0 = c + 4*o - 5. Let w = -1 - c. What is the remainder when t(w) is divided by 11?
10
Let r(c) = 3*c**2 - 2*c - 3. Suppose -3*s = 5*q + 36, 2*q - 2*s = -31 + 7. Let m = 4 + q. What is the remainder when r(m) is divided by 21?
19
Let u = -35 + 35. Suppose u = 3*h - 7*h + 20. Suppose -187 = -h*c - 52. Calculate the remainder when c is divided by 14.
13
Let j = -1 - -5. Suppose -68 = -3*c - j*i, -3*c + 58 = 3*i - 11. What is the remainder when 93 is divided by c?
21
Suppose 0 = u - 1 - 5. Suppose 11 = 5*s + 3*o, -2*o - 10 = -s - 0*s. What is the remainder when u is divided by s?
2
Suppose -3*x = 2*x - 50. Suppose 15*n - x*n - 135 = 0. Calculate the remainder when n is divided by 10.
7
Let q(r) = -r**2 - 6*r + 19. Calculate the remainder when 45 is divided by q(-5).
21
Let i be (-24)/(-56) + (-148)/(-14). Let k = 7 + -5. Suppose -k*p + i = -p. Calculate the remainder when 19 is divided by p.
8
Let n = 4 + 4. Let a(m) = m**2 - 23*m + 89. Calculate the remainder when a(19) is divided by n.
5
Let v = -653 - -715. What is the remainder when 182 is divided by v?
58
Let a(w) = -5*w + 22. Let h(m) = -28*m + 6. Let l(n) = -27*n + 7. Let c(i) = -6*h(i) + 5*l(i). What is the remainder when c(2) is divided by a(0)?
21
Suppose 18*m = 13*m. Suppose -3*z + 6 + 9 = m. Calculate the remainder when 24 is divided by z.
4
Suppose 2*b - 62 = -4*c, 19 = -2*c + 4*c + 5*b. Let a(q) = q**2 - 6*q - 13. Let u be a(8). What is the remainder when c is divided by u + -3 + 4 - -2?
5
Let o(v) = 14*v**2 - 2*v + 2. Let h be (-31)/7 + (-18)/(-42). Let f be ((-6)/h)/(6/4). Calculate the remainder when 39 is divided by o(f).
11
Let o(l) = l + 5. Let n be o(-3). Suppose n*w = 62 + 192. Suppose -4*f - d + w = 0, -2*f + 2*d = -0*f - 76. Calculate the remainder when f is divided by 12.
9
Suppose -5*v - 4 + 69 = 0. Suppose 3*z = 23 + v. Calculate the remainder when 23 is divided by z.
11
Let h(q) = -q**3 + 5*q**2 + 8*q - 15. Let p be h(6). What is the remainder when 15 is divided by (p/(-9))/(5/120)?
7
Let j = 162 - 129. Suppose j = 40*t - 37*t. What is the remainder when 64 is divided by t?
9
Let h = -60 + 125. Let t = -221 - -232. What is the remainder when h is divided by t?
10
What is the remainder when 2476/10 + ((-12)/15)/(-2) is divided by 83?
82
Let y(u) = -u**2 - 6*u - 2. Let c be y(-5). Suppose -4*o = -f + 381, f = -c*o + 4*o + 96. Let h = o + 188. Calculate the remainder when h is divided by 24.
21
Calculate the remainder when (-58)/290 - (-516)/5 is divided by 32.
7
Suppose 16 = 4*v, 5*g - 5*v - 73 = -2*v. What is the remainder when 79 is divided by g?
11
Suppose -4*w + 26 = -38. Suppose -5*x + 5 = 0, 5*u + 2*x = x + w. Let v(l) = 17*l - 3. Calculate the remainder when v(u) is divided by 17.
14
Let k(v) = -v**3 - 8*v**2 - 10*v - 10. Suppose -2*f - 13 = -91. Calculate the remainder when f is divided by k(-7).
6
Suppose 5*o - 22 = -3*s + 2*s, -s + 3*o = 10. Suppose s*k - 4*p = 3*k - 107, -2*k + 2*p + 204 = 0. Calculate the remainder when k is divided by 26.
25
Let x(n) = -7*n + 1. Let h be x(-3). Suppose -h - 63 = -5*m. Calculate the remainder when m is divided by 6.
5
Let f(u) = u**2 - 9*u - 13. Let p be f(14). Let b = -39 + p. Suppose h - 21 = -4*q, q - b = -4*h + 21. What is the remainder when 26 is divided by h?
8
Let k be (4 + -1)/((-6)/(-28)). Let p = 12 - k. What is the remainder when 50 is divided by 13*(-1 + (0 - p))?
11
Suppose 0 = -23*u + 327 - 97. What is the remainder when 47 is divided by u?
7
Suppose 213 = 3*p + p + 5*h, 240 = 5*p + h. Let o = 28 - p. Calculate the remainder when 4*o/(-2) - 0 is divided by 8.
6
Let j = -6 + 6. Suppose -5*b + 3*b + 46 = j. Let x(w) = w + 13. Calculate the remainder when b is divided by x(-5).
7
Suppose 5*y - p - 100 = 0, -4*y + 5*p + 37 = -64. Calculate the remainder when 75 is divided by y.
18
Let d(i) = i**2 + 29*i + 107. Calculate the remainder when 58 is divided by d(-25).
2
Let v = -5 + 7. Let m = v - 7. Calculate the remainder when 22 + m - 2/(-1) is divided by 5.
4
Suppose -4*w - 84 = -2*c, -3*c + 24 = -2*c + 4*w. Suppose 7*u = 3*u. Suppose -7*k + 6*k + 10 = u. What is the remainder when c is divided by k?
6
Let g(t) = t**2 - 5*t + 5. Let h(n) = n**3 - 13*n**2 - 12*n - 23. Let i be h(14). What is the remainder when 11 is divided by g(i)?
1
Let t(l) = l**2 - 7*l + 6. Let u(f) = -f**3 - 10. Let y be u(0). What is the remainder when ((-28)/(-10))/(y/(-75)) is divided by t(7)?
3
Let a = -386 - -1063. What is the remainder when a is divided by 34?
31
Suppose 3*w + 226 = z, -6*z + 2*w = -2*z - 914. Calculate the remainder when z is divided by 360/32 + (-1)/4.
9
Suppose -2*n - 4*y = -176, 3*y - 98 = -n - 7. What is the remainder when n is divided by 49?
33
Suppose 136 = -7*r + 661. Calculate the remainder when r is divided by 41.
34
Let g = -178 + 198. Let i(u) = 10*u + 6. Let x be i(5). Let d = x - -22. Calculate the remainder when d is divided by g.
18
Let a(o) = -2*o - 6. Let y be a(-4). Suppose -113 = -y*s + 61. Calculate the remainder when s is divided by 30.
27
Suppose v - 7*v - 948 = 0. What is the remainder when -1*3/6*v is divided by 16?
15
Suppose 8*y - 3*y = -20. Let n = 17 - y. Let x(h) = h**3 + 17*h**2 - 15*h + 134. Calculate the remainder when x(-18) is divided by n.
17
Suppose 13*i - 1396 - 424 = 0. Calculate the remainder when i is divided by 13.
10
Suppose 3*g + 5*g - 104 = 0. Suppose 0 = -5*a - g + 188. Calculate the remainder when a is divided by 4.
3
Suppose -m - 3*j + 10 = 0, -j + 2*j = -5*m + 22. Suppose d + 81 = m*d. Let p = d - -78. Calculate the remainder when p is divided by 27.
24
Let y be (450/(-105))/(2/(-56)). Suppose 3*t + 5*b = -48 + y, 0 = 5*t + 3*b - 104. Calculate the remainder when 55 is divided by t.
17
What is the remainder when -1 - 7/((-56)/2160) is divided by 4?
1
Suppose 665 = -15*q + 1745. Let r(v) = -v**3 + 7*v**2 - 6*v - 1. Calculate the remainder when q is divided by r(5).
15
Calculate the remainder when 3432 is divided by (-136)/22*913/(-166).
32
Suppose -j + 81 = 2*y, 2*j - 153 = -4*y + 3*j. Let i = 78 - 56. Let l = i + -12. What is the remainder when y is divided by l?
9
What is the remainder when 115 is divided by ((-2 + 0)/(9/(-9)))/1?
1
Suppose -111 + 100 = -m. What is the remainder when 659 is divided by m?
10
Let w(r) = 3*r**2 + 4*r - 62. What is the remainder when w(6) is divided by 11?
4
Let y(k) = 7*k + 8. Calculate the remainder when 136 is divided by y(3).
20
Let s(m) = m**3 + 2*m**2 + 11*m + 152. What is the remainder when 2430 is divided by s(0)?
150
Let b(s) = -s**2 + 16*s + 22. Let l be b(16). Suppose 5*g - l = 18. Calculate the remainder when 70 is divided by g.
6
Suppose 3*y - 450 = 2*a, 10*y + a - 600 = 6*y. What is the remainder when y is divided by 9?
6
Let c = 478 + -288. What is the remainder when c is divided by 12?
10
Let t(u) = 4*u + 49. Let p be t(-11). Let h = 260 + -160. Suppose o - p*o = -h. What is the remainder when 48 is divided by o?
23
Suppose 4*b - 3 = 3*b. Let h be 1/b - 17/(-3). Suppose j = h*j - 125. What is the remainder when j is divided by 14?
11
Suppose 0 = 2*q - 120 + 38. Calculate the remainder when 75 is divided by q.
34
Let y(q) = -q**3 - 3*q - 1. Suppose 3*j = 10*j - 336. Calculate the remainder when j is divided by y(-2).
9
Let v = 420 - 65. Suppose 0 = 4*m + m + 20, 5*a - 5*m - v = 0. Calculate the remainder when a is divided by 28.
11
Let t = -417 - -538. What is the remainder when t is divided by 41?
39
Suppose 0*o = -2*o + 134. Suppose -k = -2*p + 51, -4*k + 20 = -8*k. Calculate the remainder when o is divided by p.
21
Let k(t) = 2*t**2 + 9*t - 6. Let q be k(-5). Suppose c - 3*c - 178 = -3*m, 4*m - 228 = -2*c. Calculate the remainder when m is divided by ((-12)/(-8) + q)*60.
28
Suppose 5*o = 7*o - 30. Suppose o = 5*s - 10. Suppose 0 = -0*j - s*j + 465. What is t